j) = j**2 + 3*j - 49. Let v be k(-9). What is f(v)?
2
Let q(d) be the first derivative of -5 + 1/2*d**2 - 2*d. Give q(7).
5
Let o(u) be the first derivative of -u**3/3 - 3*u**2/2 - 5*u + 365. Let c = 7 - 4. Suppose c*y = -3*r - 27, 2*r + r - 4*y - 8 = 0. Determine o(r).
-9
Suppose -9*k - 285 + 285 = 0. Let n(f) be the second derivative of -f**3/6 - 15*f**2/2 + f. Give n(k).
-15
Let z(c) = -c**3 - c**2 - c - 10. Let d(m) = -m**3 - 6*m**2 + 16*m. Let p be d(-8). Determine z(p).
-10
Let k(h) = h**3 + h**2 - 4*h + 1. Suppose m + t = 8, 2*m = -3*m + 4*t + 49. Let s be (-2)/(-3)*m/(-2). Calculate k(s).
-5
Let f(p) be the third derivative of p**8/6720 - p**7/2520 - p**6/720 + p**5/120 - p**4/8 + 19*p**2. Let o(g) be the second derivative of f(g). Give o(2).
3
Let n(i) = 2*i - i**2 - 1 + 3 - 3. Let y be (18/(-27))/((-4)/42). Let v = -6 + y. Calculate n(v).
0
Let h be ((-39)/26)/((-21)/12 - -1). Let t(y) = -6*y + 4. Give t(h).
-8
Let g(j) = -j**2 + 8*j - 4. Suppose -2*z + 7 = -2*u - 3, 5*u - 25 = -5*z. Determine g(z).
11
Let h(a) = 2*a + 46. Let w be h(-22). Let s(y) = 2*y - y + w*y + 3 - 4*y. What is s(8)?
-5
Let t(d) = -27 - 20 + 2*d + 91 - 27 - 36. Determine t(10).
1
Let v(m) be the first derivative of m**7/840 - m**6/60 + 7*m**5/120 + m**4/24 + 8*m**3 + 8. Let s(c) be the third derivative of v(c). What is s(5)?
11
Suppose -y + 5*k - 37 = 3*y, 4*k + 12 = 0. Let a(r) = -r**2 - 12*r + 22. Give a(y).
9
Let c = 303 - 300. Let w(n) = 8*n - 5. Let g(h) = 7*h - 4. Let y(x) = 3*g(x) - 2*w(x). What is y(c)?
13
Let c(m) = 1 + 2 - 2 - 2*m. Let h be ((-8)/10)/(4/(-20)). Suppose 2*u = 3*i - h, 5 = 3*i - 2*i + 3*u. Determine c(i).
-3
Let v(f) = f + 3. Let t = -24 + 25. Let r be v(t). Let n(d) = d**3 - 4*d**2 - 2*d + 4. Give n(r).
-4
Let g(a) = -3*a - 5. Suppose -n - n = -124. Let h = n + -58. What is g(h)?
-17
Let k(d) = 8*d**2 - 2*d + 11. Let m(u) = 3*u**2 - u + 4. Let a(i) = -4*k(i) + 11*m(i). Calculate a(5).
10
Let h(j) be the second derivative of j**5/20 + j**4/6 - 7*j**3/6 - 3*j**2 + 206*j. What is h(-4)?
-10
Let o(r) = r**3 + r**2 + r + 5. Let m(h) = 2*h - 9. Let b be m(0). Let l = b - -15. Let f be 2*1 + (l - 8). Determine o(f).
5
Let k = 392 - 389. Let h(z) be the second derivative of -z**2 - 1/3*z**k - 4*z + 0. What is h(3)?
-8
Let j(g) = 12*g - 9*g + g**2 + 2*g + 1. Suppose 9*o - 6 = -42. Calculate j(o).
-3
Suppose 11*m = -15*m. Let z(d) = d**2 + 67. Calculate z(m).
67
Let b be 8 + (-4 - (-3 - -3)). Let l(m) = 14*m**2 + b - 5*m - 34*m**2 + 12*m**2 + 7*m**2. What is l(-5)?
4
Let g(n) = -3*n + 5. Let v(c) = 4*c**2 - 4*c - 7. Let w(i) = -3*i**2 + 4*i + 6. Let m(a) = 5*v(a) + 6*w(a). Let k be m(-3). Give g(k).
-16
Let r(n) = -n - 16. Let h(l) = -2*l - 31. Let x(g) = -4*h(g) + 7*r(g). Let k be x(-15). Let i(y) = 3*y - 2. Determine i(k).
-11
Let o(q) = -q - 4. Let p(z) = z**3 - 9*z**2 - 12*z. Let d be p(10). Let u be -5*8/d - 4. Let m be (u - -8)*1/2. Give o(m).
-7
Let o(a) = 2*a**3 + 13*a**2 + 4*a + 15. Let v(r) = r**3 + 6*r**2 + 2*r + 7. Let z(h) = 2*o(h) - 5*v(h). Let u be -2*(-2)/(-4)*4. Give z(u).
3
Let s(t) = t**3 - t**2 - t - 6. Let b = 121 - 121. Determine s(b).
-6
Let u(n) = -40*n**3 + 5*n**2 - 2*n + 17 + 15 + 41*n**3 + 12 - 40. Determine u(-6).
-20
Suppose 8 = 29*w - 28*w. Let s(v) be the second derivative of v**3/6 - v**2 + 6*v. Determine s(w).
6
Let p(l) = -l**2 + 26*l + 25. Let z be p(-1). Let w(n) = n**3 + n**2 + 7*n + 17. Determine w(z).
-1
Let s = 14 + -10. Let z(x) = -x**2 - 3*x - 6. Let u(m) = -8*m + 13 - m**2 - m**2 - 26 + 0*m**2. Let b(d) = 4*u(d) - 9*z(d). What is b(s)?
-2
Let w(q) be the first derivative of -47 + 7/2*q**2 + 1/3*q**3 - 3*q. Give w(-6).
-9
Let b(l) = -l**3 - 5*l**2 + 2*l + 5. Suppose -4*g - m = 104, 113 = -5*g - m + 4*m. Let u = 26 + g. Suppose -c - 4 = u. Give b(c).
-5
Let x be 119 - (-5 + 7 - -2). Let m = 118 - x. Let q(g) = 0*g**2 - 2*g**3 + 2*g**2 + g + g**3. Give q(m).
-6
Suppose 0 = 2*t - 4*t + 26. Let a be 10/4*(5 - t). Let u = a - -23. Let d(j) = j**2 - 4*j - 1. Calculate d(u).
-4
Let n be -3 + 4 + (0 - -2). Let i(d) = d**2 - 3*d + 2. Let k(s) = -s. Let r(q) = n*k(q) - i(q). Suppose -6 = -2*b - b. What is r(b)?
-6
Let b(a) be the first derivative of -6*a + 1/3*a**3 + 5*a**2 + 13. Calculate b(-11).
5
Let m(i) = i**2 + 3*i - 7. Let u be m(-6). Let d = 2 - u. Let y = 9 + d. Let h(o) = -o**2 - o - 10. Calculate h(y).
-10
Let u = 78 - 76. Suppose u*l + 19 - 13 = 0. Let j(s) = s**3 + s**2 - 3*s + 1. Calculate j(l).
-8
Let x(w) = 5*w**3 - w**2 + 1. Let l be x(1). Let f(v) be the first derivative of 2 - 1/4*v**4 + 2*v**3 - 5*v - 3*v**2. What is f(l)?
-10
Let l be (6 + -16 + 10)/(-7). Let n(f) be the third derivative of 1/2*f**3 + l + 0*f - 1/60*f**5 + 1/4*f**4 - 2*f**2. Give n(5).
8
Let h(c) = -2 - 2*c + 8 + 7 - 4*c. Let w(s) = 5*s - 12. Let r(q) = -4*h(q) - 5*w(q). What is r(6)?
2
Suppose 15 = 3*o - 3. Let y(a) = 3*a - 5. Let z(j) = 2*j - 5. Let l(m) = -3*y(m) + 4*z(m). Give l(o).
-11
Let k = -1791 - -1796. Let q(s) = s - 10. Give q(k).
-5
Let n(a) be the first derivative of -a**4/4 - a**3/3 - 9*a + 3. Let w be ((-3)/3)/3*(6 - 6). Give n(w).
-9
Let x(l) = -l**2 - 3*l + 6. Suppose 47*g - 15 = -156. Calculate x(g).
6
Let i(p) = 155076*p**2 - 155077*p**2 - 3 - 4 + 12*p. Calculate i(10).
13
Let j(t) = -4*t**2 + 20*t - 15. Let f(a) = -a**2 + 5*a - 4. Let w(i) = -9*f(i) + 2*j(i). Let d(g) = -g**3 + 6*g**2 - 7*g + 15. Let s be d(5). Give w(s).
6
Let a(z) = z - 4. Let w = -339 - -335. Calculate a(w).
-8
Let m be (-2 + 1)*(-2 - 3). Let x be 3/m*5/(-1). Let c(s) = 5*s**2 + s + 8. Let q(k) = -2*k**2 - k - 4. Let z(j) = 3*c(j) + 7*q(j). What is z(x)?
17
Let y(z) = z**3 + 2*z**2 - z + 3. Let f be 96/112 - (-6)/(-7). Determine y(f).
3
Let c(p) = 16*p**3 + 5*p - 5 - 4 - 8*p**3 - 12 - 9*p**3 + 6*p**2. Determine c(6).
9
Let l(x) = x**3 + 7*x**2 + 7*x + 7. Let i be l(-6). Suppose 5*t + t - 12 = 0. Let o(f) = -9 + 1 + 5 + 4 - 2*f**t. What is o(i)?
-1
Let n(v) = -v**3 + 4 - 8*v**2 + 22*v**2 + 0*v**2. Calculate n(14).
4
Let u(g) = -g - 12. Let m(y) = -y**3 - 3*y**2 + 39*y - 13. Let l be m(-8). Calculate u(l).
-7
Let w be 56/(-7) - -8 - -7. Let r(q) = q + 4. Calculate r(w).
11
Suppose -3*o = -o + 4. Let x(j) = -j + 6. Let r(u) = 2*u - 7. Let t(a) = 5*r(a) + 6*x(a). What is t(o)?
-7
Let k(v) = v - 10*v**3 - v + 0*v**2 - v**2. Let s(b) = -b**2 + 9*b - 21. Let a be s(5). What is k(a)?
9
Let p be 2/1 - -1*5. Suppose 10 = y + 5*x, -2*x - 40 = 5*y - p*x. Let q(h) be the first derivative of -h**3/3 - 5*h**2/2 + h - 30. Calculate q(y).
1
Let y(f) be the third derivative of -f**5/60 + f**4/4 - f**3/2 - 5*f**2. Let z be y(5). Let s(g) = -1 + z*g - g**2 + 3 - 3 - 6*g. Calculate s(-4).
-1
Let d(j) = -2*j**2 - 5*j. Let b(y) = 4*y**2 - 52*y + 49. Let c be b(12). Give d(c).
-7
Let r(p) be the second derivative of p**4/12 - p**3/3 - 8*p**2 + 172*p + 2. Determine r(5).
-1
Let s(b) = 6*b**2 + 6. Suppose -31 - 29 = 5*y. Let i be (4/3)/(y/36). Let d(w) = 5*w**2 - w + 5. Let f(o) = i*s(o) + 5*d(o). Determine f(3).
-5
Let w be (-4)/((-24)/10) - 207/27. Let q(i) be the second derivative of -i**5/20 - 5*i**4/12 + i**3 + 3*i**2 + i. Give q(w).
6
Let o(l) = 76 - 61 + 2*l - 3*l. What is o(9)?
6
Suppose 2*p - 4 = 0, -5*k - 5*p - 1 = -21. Let g(j) = 2*j**2 + k*j**2 + 0 + 4 + j**3 + 3*j + j**2. Determine g(-4).
8
Let a be (2 + -3)/(3/(-21)). Suppose 5*h + 10 = -2*b + a*b, -5*h + 44 = 4*b. Let c(t) = t**3 - 6*t**2 + 2. Let q be c(b). Let m(z) = 3*z - 3. Give m(q).
3
Let u(y) be the third derivative of -y**5/60 - y**4/24 + 13*y**3/6 - 305*y**2. What is u(-6)?
-17
Let i be (-4)/8 + 1/(-2). Let v(x) = -38 + 14*x**2 - 31 + 104 - 35 + x. Determine v(i).
13
Let b(a) = -11*a + 31. Let g be b(3). Let z(i) = -2 + 3*i - 1 + 0*i - 12*i. What is z(g)?
15
Let y be (-105)/(-170) - ((-847)/(-119) - 7). Let a(z) be the first derivative of -7 + z + y*z**2. What is a(7)?
8
Let u(v) be the first derivative of v**3/3 - 4*v**2 + 3*v - 137. Determine u(6).
-9
Let g(m) = -m - 9. Let j(l) = -3*l**2 + 13*l - 17. Let q(p) = 2*p**2 - 7*p + 9. Let a(y) = 3*j(y) + 5*q(y). Let k be a(-4). Give g(k).
-3
Let w(j) = -10*j + 52. Let m(z) = 2*z - 13. Let x(h) = 18*m(h) + 4*w(h). Calculate x(-6).
-2
Let l be (-3)/(1/4 + -1). Let s(g) = -g - 3593*g**2 + 3594*g**2 - 2*g + 5. Give s(l).
9
Let p(z) = 4*z**2 